m**2. Calculate n(k).
-5
Let q(c) = -5*c + 3. Let y be q(2). Let x(f) = -2. Let d(a) = -2*a - 4. Let p(k) = -d(k) - 2*x(k). What is p(y)?
-6
Let b(m) = m**2 + 5*m - 4. Suppose -2*s + 2*z = -z - 6, 15 = 5*s - z. Let f = 40 - 15. Suppose -8*w = -s*w + f. Determine b(w).
-4
Let u(q) = -64*q**2 + 41*q + 49. Let h(j) = -10*j**2 + 7*j + 8. Let m(o) = 13*h(o) - 2*u(o). Give m(4).
10
Let q be (-382)/(-16) - 4/(-32). Let o = 32 - q. Let i(w) = 20 - o + 5*w - 13. Give i(6).
29
Let b = 7 + 0. Let r(m) be the third derivative of m**5/120 - 3*m**4/8 - 14*m**3 + 60*m**2. Let h(q) be the first derivative of r(q). Give h(b).
-2
Let j = 4877 - 4860. Let g(h) = h**2 - 15*h - 35. Calculate g(j).
-1
Let g(a) = -8*a + 1. Let k be (-4)/(-6)*60/8. Let w be ((10/(-6))/k)/((-14)/(-126)). What is g(w)?
25
Let h(a) be the second derivative of -a**3/2 - 29*a**2/2 - 2*a - 461. Determine h(16).
-77
Let x(r) = -r**2 + 7*r - 2. Let q(w) = w**3 - 3*w**2 - 8*w + 5. Let o be q(6). Suppose -5*b = 8*b - o. What is x(b)?
8
Let r(v) = -v**2 - 7*v - 8. Suppose -137*k - 211 = -136*k. Let u = k - -205. Give r(u).
-2
Let v be (-30)/(-8) - -18*3/(-72). Let p(o) = -25*o + 0 + 0 - v - 6 + 8. Give p(1).
-26
Let k(t) = -20*t + 50. Let q(y) = 11*y - 25. Let c(z) = -3*z**3 + 21*z**2 - 6*z + 16. Let l be c(7). Let b = 32 + l. Let v(o) = b*k(o) + 11*q(o). Give v(0).
25
Suppose -4482*f + 4490*f = -40. Let u(p) = p**2 + 11*p + 21. What is u(f)?
-9
Let o(z) = 3*z - 25. Let m(a) = -a**2 + 56*a - 729. Let j be m(35). Calculate o(j).
-7
Let u(t) = 3*t**3 + 8*t**2 - 92*t + 21. Let s(x) = 13*x**3 + 34*x**2 - 367*x + 86. Let k(d) = 2*s(d) - 9*u(d). What is k(-12)?
7
Suppose 5*u = -1 + 36. Let h(g) = 8*g - 15. Let z(a) = -5*a + 9. Let s(o) = u*z(o) + 4*h(o). Suppose 0 = -4*k + 4*b + 16, k - 3*b = 1 + 1. What is s(k)?
-12
Let i(r) = 61 - 8941*r + 4472*r + 4470*r. Determine i(-22).
39
Let r be 2/(-2)*(1 + -1). Let d(i) be the third derivative of 0*i - 1/24*i**4 + 0 - 7/6*i**3 + 136*i**2. Determine d(r).
-7
Let l(r) = r**2 - 11*r + 7. Suppose 3*v + 33 = 3*p, 2*p + 2*v + 3*v - 8 = 0. Determine l(p).
-11
Let n(d) be the third derivative of -d**5/40 - d**4/24 - 161*d**3/6 - 152*d**2. Let y(w) be the first derivative of n(w). Determine y(5).
-16
Let a be 36/(-198) - (-23152)/44. Let q = a - 527. Let t(n) be the second derivative of -n**3 - n**2/2 - n. Determine t(q).
5
Let m(d) = -9*d + 10. Let p = 6228 + -6235. Determine m(p).
73
Let v(s) = -s**3 + 9*s**2 - 11*s - 2. Let p(o) = -o**2 - 3*o - 2. Let r(a) = 4*p(a) - v(a). Give r(13).
-19
Let j(k) = 24*k**2 + 13*k - 14. Let n(f) = -11*f**2 - 6*f + 6. Let u(i) = 6*j(i) + 13*n(i). Let v be (0/(-2))/(0 - 2). Determine u(v).
-6
Let t = 249 - 232. Suppose -41*f = t*f + 754. Let u(i) = i**2 + 13*i + 4. Give u(f).
4
Let z(c) = 52*c + 110. Let p(u) = -3*u - 9. Let s(y) = -17*p(y) - z(y). What is s(12)?
31
Let j(x) = x**3 + 6*x**2 + 5. Let b = -3472 + 3465. Calculate j(b).
-44
Suppose 0 = 3*r - c + 15, -5*r - 25 = -10*c + 15*c. Let d(i) = -i**3 - 4*i**2 + 5*i - 5. Determine d(r).
-5
Let a(x) be the second derivative of x**3 + 11*x**2 + 5179*x. Calculate a(-3).
4
Let o(z) be the first derivative of z**2/2 - 18*z + 664. Give o(8).
-10
Suppose 6 = -2*g + 4*g. Let y(f) be the first derivative of -2*f**3/3 + f**2 - 1399. What is y(g)?
-12
Suppose 4*f - 8*f = 4*w - 28, 0 = 2*f - w - 11. Let u(b) = 4 + b - 11*b + 11*b + f. Determine u(-15).
-5
Let y be (2/(-8))/((-1)/(-28)*-1). Let q(n) be the first derivative of -n**2 - 68. Let u(z) = -13*z - 2. Let d(o) = 6*q(o) - u(o). Give d(y).
9
Let q(b) = 2*b**3 - 21*b**2 + 122*b - 1126. Let i be q(10). Let p(v) = -3 + 4 + v + 3. Give p(i).
-2
Let r(q) = -29*q**2 - 2*q - 18. Let c(w) = -5*w**2 - 1. Let j(p) = -6*c(p) + r(p). What is j(-4)?
12
Let n be (-2)/(-4) + 65*6/(-60). Let p(z) = -z**3 - 4*z**2 + 13*z + 13. What is p(n)?
7
Let x(s) be the first derivative of 7*s**2/2 + 13*s + 4263. Give x(-11).
-64
Let c(r) = 2*r**2 + 4*r + 8. Let p(h) = h**2 - h + 1. Let l = -9 + 10. Let j(k) = l*c(k) - p(k). Let g(y) = 32*y + 1402. Let z be g(-44). What is j(z)?
13
Let o(s) = 4*s**2 + 34*s - s**2 - 2*s**2 - 21*s. Let v be o(-13). Let y be v/(-2) + (0 - 4). Let q(z) = -3*z - 2. Calculate q(y).
10
Let o be (56/70)/(2/15). Let b(l) = 11 - 2 - 4 - o + 24*l**3 - l**3. Calculate b(-1).
-24
Suppose 4*c + 0*r = r + 197, -r + 235 = 5*c. Let k = c + -44. Suppose k*w = -4*t + 44, -2*t = -3*w + w + 26. Let u(f) = -f + 6. What is u(w)?
-6
Let o = 6 + -4. Let z be (o - 2)*(-1)/2. Let n(h) = 80*h - 7. Let s(y) = -57*y + 6. Let l(r) = 5*n(r) + 7*s(r). Give l(z).
7
Suppose -4*l = -2*l + 2, 2*q - 2*l = 18. Suppose 2*j + 10 = 0, -2*k - j = 5 + q. Let g(m) = -m**3 - 4*m**2 - m + 4. Give g(k).
8
Suppose 4*o + 19*o + 23 = 0. Let q be (-8)/12 - (-4)/(-3). Let p(i) = -i**2 - 3*i + 2. Let t(j) = j. Let r(a) = o*p(a) + q*t(a). Give r(3).
10
Suppose -r - 5*y - 1 = -12, 3*r = 3*y - 3. Let u(w) = -r + 4842*w - 4842*w + 2*w**2. What is u(-2)?
7
Let o(m) be the second derivative of -m**4/12 + 3*m**3/2 + 131*m**2/2 - 7095*m. Calculate o(18).
-31
Let s(z) = z**2 - 8*z - 3. Let l(n) = n + 13. Let y(q) = -5*q - 75. Let i(x) = -34*l(x) - 6*y(x). Let k be i(0). Determine s(k).
-3
Let p(b) = -20*b**3 - 34*b**2 + 56*b + 8. Let s(y) = -9*y**3 - 16*y**2 + 26*y + 3. Let n(r) = 4*p(r) - 9*s(r). Determine n(-9).
14
Let i(z) = z**3 - 504 + 512 - 6*z**2 + 69*z - 71*z. Suppose 30 = 3*c + 2*c. Determine i(c).
-4
Let j(r) = 2*r + 4. Let w be (-20)/(-6)*(-45)/(-30). Let n be 6*w/20*4/2. Suppose n*d - 6 = d - 4*g, 3*d = -3*g - 3. What is j(d)?
-6
Let o(v) = -40*v + 1. Let t(l) = -245*l - 8. Let z(p) = -6*o(p) + t(p). Give z(-2).
-4
Let i(v) = -2*v - 14. Let g be 24/2*3/(-6). Let q be i(g). Let t(r) = 3*r**2 + r - 2. Let b(a) = -6*a**2 - 2*a + 4. Let l(x) = 4*b(x) + 9*t(x). Give l(q).
8
Let v(j) = 6*j**2 - 40*j + 29. Let o be v(6). Let x(m) = 15*m + 11. Give x(o).
86
Let x(d) = 15*d - 19. Let f be ((-63)/9)/(-7)*4. What is x(f)?
41
Suppose o - 5*o = 2*n + 24, 5*n - 4*o + 4 = 0. Suppose 0 = -3*k - 34 - 20. Let m be 12/k + n/3. Let h(f) = -3*f**2 - 2. Calculate h(m).
-14
Let p(f) be the first derivative of f**4/4 - 10*f**3/3 + 4*f**2 + 11*f + 3. Let t = -117 + 126. Determine p(t).
2
Suppose 0*z + 2*z = 4*w - 36, 15 = -5*z - 5*w. Let a(j) = 4*j**2 + 30*j - 6. Let q be a(z). Let s(f) = f**2 - 8*f - 4. Determine s(q).
16
Let g(p) = p**2 - 5*p - 13. Suppose 8 = 26*v - 44. Let i be ((-7)/v)/(48/(-32))*3. What is g(i)?
1
Let v = 53 - 47. Let r(s) = 21 + 12 - v*s - 38 - s**2. Suppose 5*c + 0*h - 5*h + 15 = 0, 3*h = -9. What is r(c)?
-5
Suppose -4*k - 3 + 31 = 0. Suppose -2*m - 2*v = -10 - 20, -3*v = 5*m - 73. Let n be (m/4)/(k/(-14)). Let f(y) = y + 12. Determine f(n).
5
Let i = 177 + -167. Let t(v) = -15*v + i*v + 16 + 7 + 6*v. What is t(-13)?
10
Let d(w) = 12*w - 59. Let n be d(7). Suppose -n*v = -28*v + 6. Suppose -4*b + 20 = -8*b, v*b + 13 = z. Let y(f) = 5*f - 1. Determine y(z).
14
Let m(f) = 2*f**2 + 4*f + 1. Let u(w) = 6*w + 16*w - w**2 - 10*w + 14*w**2. Let o(p) = -6*m(p) + u(p). What is o(12)?
-6
Let f(b) = -3*b**2 + 3*b + 2. Suppose 3*a - 17 = -5*p, 5*a - 26 = -4*p - 15. Determine f(a).
-4
Let b(w) = -w - 1436 + 2794 - 1389 + w**2. Calculate b(0).
-31
Let b(d) be the first derivative of 1/3*d**3 + 6*d - 88 - 5/2*d**2. Give b(6).
12
Let c(r) = r**2 + 18*r - 7. Let d(h) = 2*h**2 + 34*h - 13. Let b(z) = 5*c(z) - 3*d(z). Suppose -i - 4*u - 1 = 0, 3*u = -i - 0*i - 4. Give b(i).
-9
Suppose 0 = -21*q + 26*q + 10, 3*j - 164 = -5*q. Suppose -j*l + 62*l = -64. Let i(t) = -t**2 - 15*t + 13. What is i(l)?
-3
Let a(f) = -22*f + 83. Let i = -15103 - -15107. What is a(i)?
-5
Let p(f) be the first derivative of 7/4*f**4 + 0*f**2 - 1/3*f**3 - 15 + f. Calculate p(1).
7
Let k(y) = 2 + y**2 + y**2 - y**2. Suppose 0 = 363*b + 1056 + 396. What is k(b)?
18
Let c(t) = 3*t. Let s(g) = 5*g - 1. Let o(i) = 2*c(i) - s(i). Let z(a) = 3*a + 2. Let w(x) = o(x) - z(x). Give w(1).
-3
Let j(m) = 3*m + 5*m + 5 - 3*m - 2 - m**2. Let o = 70 - 72. Let u be o/(-1*2/5). Calculate j(u).
3
Let h(z) = -4*z - 3. Let s be (-3 - (10/4)/(2/4))*-1. Give h(s).
-35
Let w(y) = 111*y**2 - 28*y**2 - 20*y - 160 - 28*y**2 - 54*y**2. Calculate w(26).
-4
Let j(b) = 7*b + 465 - 99 - 151 + 505 + 10*b. What is j(-42)?
6
Let v(l) = -8*l**2 + 55*l + 67.